5 = -3. Let m(n) = 2*n - 48. Let q be m(a). Calculate the highest common factor of 18 and q.
18
Let m be ((-1)/(14/7))/(2/(-48)). Suppose a - m = -2*a. What is the highest common divisor of a and 3?
1
Let j be -1 - (-1 + -414 + -2). Suppose -67185 + 43857 = -243*r. Calculate the highest common divisor of j and r.
32
Let g = 955 - 957. Let w = -5 - -8. Let k be g*((-4)/6 + (-22)/w). What is the highest common factor of 48 and k?
16
Let r = 193 - 89. Suppose r*g - 108*g = -800. What is the highest common factor of g and 25?
25
Suppose 0 = -97737*s + 97719*s + 13050. Suppose -f = j - 30, 0*j + 5*j - 2*f - 143 = 0. Calculate the highest common factor of j and s.
29
Let k = -39 + 540. Let u = k - 445. Let t(a) = 4*a - 2. Let s be t(4). What is the highest common factor of s and u?
14
Let a(u) = -u**2 + 7*u. Let s be a(4). Let c = -405 + 1617. Suppose s*w - c = 552. Calculate the highest common divisor of 21 and w.
21
Suppose 0 = -4*y + 39 - 23. Suppose r + 2*b + b - 28 = 0, y*b - 48 = -2*r. Let x be (-42)/(-49) + 3112/28. What is the highest common divisor of r and x?
16
Let l be 30/(-40) + (-12495)/(-20). Calculate the greatest common divisor of 65 and l.
13
Suppose 11649 = 34*k - 37311. Calculate the highest common divisor of 405 and k.
45
Let i = -35 + 38. Let d be (i/(-2))/(3 - 108/32). Suppose -2*n = 4*j - 45 - 1, -d*n + j = -56. Calculate the highest common divisor of n and 165.
15
Suppose 13*b + 24516 - 37152 = 0. What is the highest common factor of b and 8?
4
Let k = -34 + 38. Suppose 0*w + 156 = k*w. Let g = -34 + w. What is the highest common factor of 20 and g?
5
Suppose 431 = -19*q + 3167. What is the highest common divisor of 90 and q?
18
Suppose -13*v + 15*v = -14. Let c be 8/v*(68/(-8) - -5). Suppose 58*k - 56*k = 24. What is the highest common divisor of k and c?
4
Let f be (0 - 17/(-8)) + 9/(-72). Calculate the highest common divisor of f and 1117.
1
Let n be 3*(-10)/(-90)*267. Suppose 0 = -2*f - n + 219. Calculate the greatest common divisor of f and 1625.
65
Let t(u) = u**2 - 5*u - 29. Let g be t(-4). Suppose -g*b + 198 = 23. Calculate the greatest common divisor of b and 75.
25
Let w(y) = 82*y - 401. Let o(r) = -54*r + 268. Let k(x) = 8*o(x) + 5*w(x). Let v be k(6). Calculate the highest common divisor of v and 217.
7
Let r be 9/((-54)/24) + 43. Let b = r + 21. What is the highest common factor of 20 and b?
20
Let r be 8/(-18) - 1268/(-18). What is the greatest common factor of r and 1295?
35
Suppose -3*s + v - 48 = 0, -32 = 2*s - 10*v + 9*v. Let t be (-6600)/s - (-6)/4. What is the greatest common factor of t and 18?
18
Let u be (-3)/(-1)*224/12. Let r be (-2)/7 + (-78)/(-637)*1211. Suppose 2*g - r = 4*z - u, -z = -2*g + 104. Calculate the greatest common factor of 18 and g.
18
Let y be (2/(-5))/(21/(-105)). Suppose 32 + 0 = y*v. What is the greatest common divisor of 56 and v?
8
Let i(s) = -3*s - 6. Let m be i(-4). Let z be (71 + -47)*(-130)/52*13/(-10). Calculate the greatest common factor of z and m.
6
Let t be -108 + 112 - (-1 - 4171). What is the greatest common divisor of 29 and t?
29
Suppose 15*i = 1379 - 329. Let b be i/15*(27 - 6). Calculate the highest common divisor of b and 2.
2
Suppose -x = 5*i - 6*x - 2660, 0 = 4*i + 2*x - 2122. Let f(l) = -l**3 - 17*l**2 + 20*l + 635. Let o be f(-16). What is the greatest common divisor of o and i?
59
Let y be (-5 - 0 - -11) + (5 - (-1 - 6)). Calculate the greatest common factor of y and 15462.
18
Suppose -30*v = -74719 + 16159. What is the greatest common divisor of v and 64?
32
Suppose 5*t - 95 = -5*x, 2*x - 54 = -13*t + 10*t. What is the highest common factor of t and 80?
16
Let p = 714 - 632. Calculate the highest common divisor of p and 5002.
82
Let z = 2445 + -2418. Calculate the highest common divisor of z and 12933.
27
Let u(w) = -w**3 - 15*w**2 - 36*w + 27. Let y be ((-6)/2*-8)/(-2). Let k be u(y). Calculate the highest common divisor of 225 and k.
9
Let x be (64/3)/((1352/195)/52). Calculate the greatest common factor of x and 8.
8
Let o be -489*((-15)/(-27))/(11/(-66)). Let m be o/8 - 78/(-312). Calculate the greatest common divisor of m and 136.
68
Let p = -4254 - -7672. What is the highest common divisor of p and 2?
2
Let q = 101 - 44. Let v = 67 - 48. What is the greatest common divisor of v and q?
19
Let g = -134 - -164. Let t(w) = -w**2 - 12*w - 2. Let l be t(-8). Calculate the greatest common factor of l and g.
30
Let z(o) be the second derivative of 2*o**4/3 - o**3/3 + 8*o**2 + 32*o. Let f be z(-4). Calculate the highest common factor of 57 and f.
19
Let v = 5 - -13. Let t be (9 - (1 + -1))*66/v. Let w = -347 - -710. Calculate the highest common divisor of t and w.
33
Let g be (0 + 40)*(-23)/(-46). Let n(t) = -t**3 + 16*t**2 + 89*t - 36. Let z be n(g). What is the greatest common divisor of z and 16?
16
Let d be (-424)/40 - -10 - (-506)/10. Suppose -4 = -6*y + d. What is the highest common divisor of 12 and y?
3
Suppose -31*i + 304 = -320*i + 882. Calculate the greatest common factor of i and 73.
1
Let v(b) = 796*b + 2468. Let g be v(-3). What is the greatest common factor of g and 2260?
20
Let l be -12*((-3)/(-12) + -2). Let r be 718/10 + (-8)/10. Suppose 118 = z - 5*k - r, 0 = -z - 2*k + 189. Calculate the greatest common factor of z and l.
21
Let s be (6/8)/((-12)/(-64)). Let p(t) = 2 + s*t - 3*t + 9. Let m be p(-4). What is the highest common divisor of m and 35?
7
Suppose -w = 2*a - 198, -w = -3*a + 3*w + 286. What is the greatest common divisor of 1666 and a?
98
Suppose -992*o = -1009*o + 986. Calculate the highest common factor of o and 957.
29
Let q = -138 - -142. Suppose q*i + 21*i - 1075 = 0. What is the greatest common divisor of i and 43?
43
Let m(i) = 11*i + 56 + 8 + 14. Let j be m(-4). Let k(s) = -s**3 + 11*s**2 - 6*s - 6. Let d be k(9). Calculate the greatest common factor of d and j.
34
Let t(z) = -755*z + 230. Let l be t(-2). Calculate the greatest common divisor of 24 and l.
12
Let t(n) = 370*n**3 - 2*n + 4. Let z be (-7)/14*10 - -6. Let d be t(z). What is the greatest common factor of d and 31?
31
Let v(u) = 7*u**3 + 2*u**2 + 6*u + 8. Let i(t) = -t**3 - t. Let s(m) = 6*i(m) + v(m). Let p be s(0). What is the greatest common factor of p and 88?
8
Suppose 106*z - 142923 = 35*z. What is the highest common factor of z and 231?
33
Let u(b) = 18*b**2 - 2. Let t be u(3). Let p = -33164 + 33174. Calculate the highest common factor of t and p.
10
Suppose 2*l + 67 + 22 = 5*s, -2*s + 41 = l. Suppose 21*r = s*r + 144. Suppose -3*a + 72 = -0*a. What is the greatest common divisor of a and r?
24
Let u be 132/(-55)*195/(-6). Suppose -v + 40 = -5*a, -2*v - 2*a + 38 = -u. What is the highest common factor of 5 and v?
5
Suppose -h + 97 = 3*y - 105, h = y + 206. Calculate the highest common divisor of 738 and h.
41
Let a = -491 + 530. Suppose -v + 3*y + 165 = 0, 2*v + v - 4*y - 480 = 0. Calculate the greatest common divisor of v and a.
39
Suppose -5*w - 78 = g - 0, -3*w - 412 = 5*g. Let v = 87 + g. Let b be (31 - 1)/((-27)/(-18)). Calculate the highest common divisor of b and v.
4
Suppose -7 = -3*x - 7. Suppose 5*a = -4*i + 8, x*a - 2*a = 5*i - 10. Let n be (-4)/14 - (-1840)/70 - i. Calculate the highest common divisor of n and 8.
8
Let s(z) = -z**2 - 44*z - 330. Let w be s(-18). Let h = 12 + -6. What is the highest common divisor of w and h?
6
Suppose 0*g + 2*g = 0. Suppose r + g = 32. Suppose 12*a = 36*a - 384. Calculate the highest common factor of r and a.
16
Let i(p) = -3*p**2 - 104*p + 330. Let s be i(-35). Calculate the highest common divisor of 826 and s.
59
Suppose 27 + 156 = 3*h - 3*t, -3*h - t = -207. Calculate the highest common factor of 4891 and h.
67
Suppose l - 21 = -2*l. Suppose -l*h = -8*h + 416. Suppose 4*x + 4*x = h. Calculate the greatest common factor of x and 13.
13
Let m be 3/(-2)*((-380)/(-6))/(-1). Let q = 96 + -54. Let o = q + -23. What is the greatest common factor of o and m?
19
Suppose -13*j = -18*j + 20. Suppose 0*w = -3*w + 3*q + 312, -4 = -j*q. What is the highest common factor of 5 and w?
5
Let v = 55 + 266. Suppose 5*b = 2*j + v, 4*j + 264 = 3*b + b. What is the greatest common divisor of b and 21?
21
Suppose -4*y - 82 = 2*u - 0*y, 113 = -3*u + 4*y. Let z be (2 + -3)*(55 + -2). Let l = u - z. Calculate the greatest common